.
2
Suppose -10*m + 13 + 7 = 0. Suppose -4*l + 0*g = -g + 36, -3*l + m*g - 32 = 0. Let u be -8*(4/l + 1). Let n(w) = -w**2 - 8*w - 1. Calculate n(u).
15
Let k(c) = 165*c + 15. Let y(d) = -28*d - 2. Let f(q) = 6*k(q) + 35*y(q). Determine f(-3).
-10
Suppose -3*d - 39 = -45. Let o(p) = 3 + 928*p + 7*p**2 - 934*p - p**3 + d - 4 + 1. Determine o(6).
2
Suppose -5*a - 71 = 4*m - 10*m, 5*a + 4*m = -11. Let t(g) = 4*g - 9. Determine t(a).
-37
Suppose h = -c + 2*c - 22, -2*c - h = -32. Suppose -o + 15 = c. Let f(j) = -3*j + 3. Let r(p) = -4*p + 4. Let z(a) = -3*f(a) + 2*r(a). What is z(o)?
-4
Let n(l) = 2 - 1044*l + 2094*l - 1051*l. Let d(x) = -2*x + 2. Let k = 8 - 4. Let u(h) = k*d(h) - 3*n(h). Give u(3).
-13
Let l(k) = 5*k**2 - 2*k - 1. Let p(a) = -6*a**2 + 2*a. Let r(z) = -3*z - 31. Let m = -39 - -30. Let u be r(m). Let q(g) = u*p(g) - 5*l(g). Calculate q(-4).
-19
Let x(r) = 12*r + 26*r - 15*r - 39 + 2*r**2 - 3*r**2. Let g be x(21). Let q(m) = -m + 7. Determine q(g).
4
Let r(n) = 2*n**3 - 12*n**2 - 15*n + 14. Let v = 4877 + -4870. What is r(v)?
7
Let h be (40/(-120))/(1/(-27)). Let u(x) = 19 + 3*x - h - 9 - 2*x + 0. What is u(3)?
4
Let g(v) = -25*v**3 - v + 1. Let w(k) = -18*k + 1261. Let l be w(70). Give g(l).
-25
Let m be 52 + -54 - (2 - (-291)/(-72)). Let l(j) be the third derivative of 0*j + 0 - 2/3*j**3 - m*j**4 + 9*j**2. Determine l(-5).
1
Let i(h) = -9*h + 13. Let m(c) = 10*c - 14. Let n(t) = -7*i(t) - 6*m(t). Let g = 32884 + -32890. Calculate n(g).
-25
Let v(u) be the second derivative of 3*u**5/20 + 5*u**4/3 - 7*u**3/6 - 3*u**2/2 - 74*u + 4. Give v(-7).
-3
Let o be 14/(7 + 25/(-4 + -1)). Let a(d) = 37*d - 261. Calculate a(o).
-2
Let x(r) = -r**3 - 40*r**2 - 41*r - 81. Suppose 27*t + 273 = 20*t. Calculate x(t).
-3
Let z(v) be the third derivative of 0 - v + 1/6*v**4 + 1/6*v**3 - 1/12*v**5 - 47*v**2 + 1/120*v**6. Determine z(3).
-5
Let u be 10 + 12/(-4) - 2. Let b(p) = -p**2 + 8*p - 12. What is b(u)?
3
Let p(d) = -d**2 - 14*d - 25. Let k(q) = 1. Let a(w) = 5*k(w) + p(w). Give a(-16).
-52
Let c(h) be the second derivative of 0 + 11*h**2 - 84*h - 1/12*h**4 + 1/6*h**3. What is c(0)?
22
Let q(o) be the second derivative of -o**4/12 + 2*o**3/3 - o**2 + o. Suppose 334 = -4*k + 902. Let y = k + -138. Give q(y).
-2
Suppose 0 = -b - 33*b + 102. Suppose -39 = -4*a - b*n, 5*n = -4*a + 3*n + 38. Let y(v) = v**3 - 10*v**2 + 8*v + 12. What is y(a)?
3
Let l(p) = p**2 - 2*p - 5. Let x(m) = 235*m - 240. Let k be x(1). What is l(k)?
30
Let a(t) = -2*t**2 + 1 - t**3 - 4*t - 2*t + 8*t**2. Let q(d) = 3*d**3 - 5*d + 6. Suppose 3*c + 2 = 7*c - 2*u, 0 = -3*u + 3. Let z be q(c). Determine a(z).
9
Let c(u) be the second derivative of u**3 - 12*u**2 - 37*u - 27. Give c(12).
48
Let b(u) be the first derivative of 16*u**2 - 215*u + 3284. Calculate b(7).
9
Let b(a) be the first derivative of -a**3/6 + 14*a - 59. Let c(p) be the first derivative of b(p). Calculate c(0).
0
Suppose j + 3*d - 13 = -2*d, -3*j + 55 = -d. Let q(g) = -g**3 + 18*g**2 + g - 15. Let b be q(j). Let k(r) = r**3 - 3*r**2 + 7. Calculate k(b).
7
Let m(z) = -37*z - 375. Let q(k) = -k**3 + 26*k**2 + 79*k - 654. Let o be q(28). Calculate m(o).
-5
Let o(v) = -2*v + 42. Let p(z) = 65*z**2 + 1818*z - 62. Let d be p(-28). Determine o(d).
54
Let g(y) = 6*y + 8. Let l(n) = 5*n + 7. Let t(f) = 6*g(f) - 7*l(f). Let q = -69657 - -69647. What is t(q)?
-11
Suppose -506*w - 18 = -500*w. Let x(y) = -3*y**3 - 6*y**2 - y - 11. Calculate x(w).
19
Let q(a) = 15*a**2 + 41*a + 69. Let g(v) = -19*v**2 - 52*v - 88. Let n(k) = -11*g(k) - 14*q(k). Suppose -2*u - 8 = -3*y + 2*y, -5*y - 5 = 5*u. Determine n(u).
-1
Let m(f) = -59*f**2 - 120*f**2 - 22*f - 20 + 228*f**2 - 59*f**2 + f**3. Give m(12).
4
Let h(u) = 3*u**2 + 6*u - 4. Suppose -20*j - 35*j = -44*j + 33. Calculate h(j).
5
Let r(v) = -10*v + 11. Let k(c) = -19*c + 6. Let p(b) = -2*k(b) + 5*r(b). What is p(9)?
-65
Suppose -m = -2*c - 0 - 14, 5*c = -5*m - 5. Let y(u) = -10*u - 10 + 189*u**2 - 374*u**2 + 184*u**2 + m*u. Determine y(-5).
-5
Let a = 13 + 2. Let r be 2 + (-4)/(5*6/a). Suppose 5*z = -4*d + 12 + 3, -2*z - 3*d + 13 = r. Let g(c) = 5*c**2 + 1. Calculate g(z).
6
Let i(t) be the first derivative of 13*t**5/120 + t**3/3 + 41*t**2 - 158. Let j(y) be the third derivative of i(y). Calculate j(2).
26
Let g(h) = 3*h - 4. Let f = -73 - -103. Suppose -f*z + 23*z = -35. Give g(z).
11
Let n = -132 - -79. Let w = n - -55. Let y(o) = o**3 + 4*o**w + 0 - 38*o + 2 + 41*o. Give y(-2).
4
Let y(c) = -94*c - 1 + 6 + 75*c + 26*c. What is y(3)?
26
Let k(r) = r + 4. Let w be -12 + (8 - 2) - -8. Suppose -w*y + 2 = -4*s, 4*s + 1 = -y - 22. Calculate k(y).
-3
Let i(r) = r**3 - 5*r**2 - 7*r - 1. Suppose 3*a - 24 = 3*h, 4*h - 12 - 26 = -3*a. Let d be -3 + 7 + 5/(25/a). Calculate i(d).
-7
Let g(w) = -29*w - 578. Let a be g(-20). Let r(s) be the first derivative of 1/2*s**a - 19 + 5*s. Calculate r(-8).
-3
Let w(f) = 0*f**3 - 208 + f**2 - 209 - f**3 - f + 410. Suppose -3*k - o + 36 = -0*o, -5*k = -2*o - 60. Let d = 12 - k. Calculate w(d).
-7
Let b(q) be the first derivative of q**4/4 + q**3/3 - 29*q**2/2 + 8*q + 192. Give b(-6).
2
Let l(r) = -4*r - 4. Let d(a) = 9*a - 3*a - 4*a + 3 + 3*a. Let c(h) = 3*d(h) + 4*l(h). What is c(-12)?
5
Let t(c) = -2*c - 8. Let u(i) = 2*i - 1. Let v(x) = -t(x) + 6*u(x). Let q = 2259 + -2260. Determine v(q).
-12
Let h(c) = -3*c - 207. Let g(r) = -4*r - 250. Let p(y) = 5*g(y) - 6*h(y). Determine p(0).
-8
Let p be (-10 - 182/(-18))*27. Let t(m) = m**2 + 6*m - 5. Give t(p).
22
Let p(o) = o**3 - 5*o**2 - o + 8. Suppose 5*g = t - 15, -10*t + 5*t - 4*g = 12. Suppose c - 5*c + 8 = t, 5*q + 2*c = 29. Determine p(q).
3
Let v be (7/(-7))/((-1)/(-8)). Let d(w) be the third derivative of w**6/120 + 7*w**5/60 - w**4/3 + 2*w**3/3 + 2179*w**2 - 2*w. Determine d(v).
4
Let k(l) = -32*l**3 - 19*l**2 + 9*l + 9. Let o(i) = -9*i**3 - 6*i**2 + 2*i + 3. Let g(d) = -2*k(d) + 7*o(d). Let s = -2 - -6. What is g(s)?
-13
Suppose 18 = -17*q + 26*q. Let j(y) = -2*y - 5*y**3 + 2*y**3 - q*y**3 + 10*y**3 - 4*y**2 - 6*y**3. Let g = 2 - 5. Determine j(g).
-3
Suppose 31*h - 24 = 23*h. Let v(d) be the third derivative of -d**7/5040 + d**6/240 - d**5/4 - 16*d**2. Let m(x) be the third derivative of v(x). What is m(h)?
0
Let a(w) = 3*w**3 + 2*w**2 - 4*w - 9. Let i(o) = 5*o**3 + 6*o**2 - 5*o - 10. Let u(m) = -3*a(m) + 2*i(m). What is u(-5)?
22
Let b(t) = -t**3 - 8*t**2 + 9*t - 3. Let q(r) = r**3 + 10*r**2 + 19*r - 11. Let d be q(-7). Suppose -s - d = y + y, 0 = 4*s - 5*y + 51. Determine b(s).
-3
Let b(d) = -d**3 - 5*d**2 - 2*d - 12. Let s be ((-24)/14 - -1)*(-14)/(-2). Calculate b(s).
-2
Suppose 0 = -5*y + x + 4*x - 10, 0 = -4*x + 16. Suppose -3*p + 4*p - y = 0. Let s(a) = a**2 + 9 + a**3 + 7*a + 7*a**p - 5*a. Calculate s(-8).
-7
Let z(j) = 5*j - 4*j + 3 + 3*j + 5 - 2*j. Suppose 13*x = 6*x - 14. Calculate z(x).
4
Let a be ((-180)/5 - 6) + 2. Let i be (-4)/(-10) + (-24)/a. Let x(c) be the second derivative of -3*c**4/4 - c**2/2 + 2*c. What is x(i)?
-10
Let z(b) = -2 + 2*b**2 + 6*b - 2*b + 2 - 1. Suppose 18 = 3*j + 27. Give z(j).
5
Let q(p) = -p**2 + 17*p - 72. Let h(u) = -u**2 + 17*u - 71. Let o(s) = -3*h(s) + 2*q(s). Let c be o(6). Let z(t) = -2*t**3 + 3*t**2 + t + 4. Determine z(c).
-20
Let o(r) = 2*r**3 + 13*r**2 - 7*r + 2. Let b be o(-7). Let j(p) = -p**3 - 10*p**b + 0 + 0*p**3 - 5*p + 13. What is j(-9)?
-23
Let j(k) = -6*k**3 + 2*k**2 - 2*k. Let n(o) = -35*o**3 + 11*o**2 - 13*o - 66. Let r(f) = -6*j(f) + n(f). Calculate r(0).
-66
Suppose 162*j + y - 140 = 167*j, 3*j - 3*y + 72 = 0. Let m(t) = t**2 + 25*t - 24. Calculate m(j).
92
Let o = -9742 - -9735. Let s(m) = 3*m + 36. Calculate s(o).
15
Let i(w) = -w + 2. Suppose 4*a + 2*v - 2 + 0 = 0, -4*a = -3*v + 13. Let x be 0/a - (-8 - (-2 - 4)). Give i(x).
0
Let r(o) = o**3 + 14*o**2 + 2. Let x = 4999 - 5013. Calculate r(x).
2
Let d(q) = 33*q + 7. Let l(r) = 27*r + 6. Let y(p) = 10*d(p) - 11*l(p). Give y(1).
37
Let h(d) = 2*d**2 + 2*d - 3. Let k(v) = 296*v + 298. Let y be k(-1). What is h(y)?
9
Let x(u) = -6*u**3 - 13*u**2 + 6*u + 2. Let g(z) be the first derivative of z**4/4 + z**3/3 - z**2/2 - 71. Let d(c) = 5*g(c) + x(c). Give d(-8).
-6
Let s(g) = 11*g**2 - 146*g - 168. Let c(d) = 7*d**2 - 95*d - 112. Let p(a) = 8*c(a) - 5*s(a). What is p(-2)?
8
Let l(s) 